tens digit of d?
1
Let i(y) = -y**2 - 5*y - 6. Let z be i(-6). Let b = 9 + z. Let g = 8 + b. What is the units digit of g?
5
Let b(a) = -a**2 + 1. Let r be b(2). Let j = r - -7. What is the units digit of j?
4
Let n(q) be the second derivative of q**4/12 - 2*q**3/3 - 2*q**2 + 8*q. Suppose -4*r + 8 = -8*s + 3*s, -4*r - 5*s = -48. What is the units digit of n(r)?
7
Suppose -5*m + 4 = -36. Let q = 24 - m. What is the units digit of q?
6
Let w be -1*2/((-2)/(-17)). Let t = 26 + w. What is the units digit of t?
9
Suppose f + 6 = 3*f. What is the units digit of f?
3
Let x(r) = 2 - r**2 + 10*r + 1 - 10. What is the units digit of x(8)?
9
Suppose w = -5*r + 124, 0 = w - 5 + 1. What is the tens digit of r?
2
Suppose -15 + 5 = -5*f. Suppose 0 = -p + f*p. Suppose 4*c + 30 = 2*h, p = -2*c + 6 - 14. What is the units digit of h?
7
What is the units digit of (-2)/6 + 260/15?
7
Suppose -3*t - t + 384 = -5*l, -3*t = 4*l - 319. Suppose 3*o = -4*u + 80, 4*o = -2*u - 3*u + t. Let x = -11 + u. What is the units digit of x?
6
Let d = 12 - 5. Suppose -17 - d = -4*a. What is the tens digit of (26/a)/(1/3)?
1
Let s(b) be the first derivative of b**4/4 + 5*b**3/3 - 2*b**2 - 4*b - 4. What is the units digit of s(-5)?
6
Suppose -3*z - 4*q + 101 = 0, 0*z - 2*q - 72 = -2*z. What is the units digit of z?
5
Suppose -g + 64 = -5*g. Let w = g + 34. What is the units digit of w?
8
Let s be (-2 - -4)*(-10)/4. Let t(c) = c + 1. Let a(y) = -y**2 - 3*y + 3. Let x(n) = a(n) - 4*t(n). What is the units digit of x(s)?
9
Let n(j) = j**3 - 7*j**2 + 10*j - 7. What is the tens digit of n(7)?
6
Suppose -5*p + 20 = -60. What is the tens digit of p?
1
Suppose l - 8 - 5 = 0. Suppose -4*i = l - 81. What is the units digit of i?
7
Let f = -1 - 4. Let y(t) = 2*t + 4. Let i be y(f). Let n(z) = -z - 2. What is the units digit of n(i)?
4
Suppose 4*a - 74 + 2 = 0. What is the units digit of a?
8
Suppose 3*r + 7 = 22. Suppose 4*u - r = 3, 4*f = -4*u + 248. Suppose 0 = 2*y + 4*o + o - f, 2*o = 4*y - 72. What is the tens digit of y?
2
Suppose 0 = 4*k + 85 - 501. What is the hundreds digit of k?
1
Let k be 4/1 - (-4 - -4). Suppose -5*o = -k*o + 3*z - 32, -z = o - 34. What is the tens digit of o?
3
What is the units digit of (3*12)/((-51)/(-68))?
8
Suppose t - 2 = 2*w + 4, -5*t = 5*w + 45. Let q(c) = -15*c + 4. Let i be q(t). Suppose -i = -5*r + r. What is the units digit of r?
6
Suppose -2*j - 50 = 5*y, -2*j - 30 = 3*y - 3*j. Let u = y - -51. What is the tens digit of u?
4
Let q(o) = o**3 - o**2 + 84. What is the units digit of q(0)?
4
Let c(s) = 2*s**2 - 10*s - 11. Let h(q) = 3*q**2 - 21*q - 23. Let y(a) = 5*c(a) - 3*h(a). What is the units digit of y(-12)?
2
Suppose 26 + 32 = 5*q - 2*b, -q - 3*b = -15. What is the tens digit of q?
1
Suppose 3*a + h + 3 = -2*h, 5*h = -20. Suppose t = a*t - 8. Suppose 3*y - 15 = -2*l + t*y, 2*l = -y + 9. What is the units digit of l?
6
Let s be 1 + 6*6/9. Suppose 0 = -u + 5*w - 1 + 27, 2*u - 22 = -s*w. What is the units digit of u?
6
Let z(s) be the third derivative of s**6/60 - s**5/60 + s**4/12 + s**3/6 - s**2. What is the tens digit of z(2)?
1
Let k(r) = 2*r**2 - 3*r + 7. Let o be k(6). Let m = -28 + o. What is the units digit of m?
3
Let a = -5 + 17. What is the units digit of a?
2
Let g(d) = d + 3. Let r be g(-3). Suppose r = -s - 2 + 7. What is the units digit of s?
5
Let j(x) = -x**3 - 3*x**2 + 7*x + 7. Let q be j(-5). Let b = q - 9. What is the units digit of b?
3
Let w(c) = 46*c**3 + c**2 + c - 1. Let r be w(1). Suppose 4*a = -16, -3*d + 0*d + r = -5*a. What is the units digit of d?
9
Suppose 4*b = -10*p + 5*p - 17, -b + 4*p + 22 = 0. Let u(d) be the first derivative of d**4/2 + d**3/3 - d**2 + 1. What is the tens digit of u(b)?
1
Let c(y) = 104*y + 2. What is the hundreds digit of c(1)?
1
Let k be 3 + (-9)/3 + 41. Suppose -17 = 3*h - k. What is the units digit of h?
8
Let r = 10 + 3. Let a = r - 12. What is the units digit of a?
1
Let d(m) = -3*m**3 - m**2 + 5*m + 8. What is the units digit of d(-4)?
4
Let f(q) = q**2 - 3*q + 4. Let g be f(3). Suppose 5*r - 5*b = r + 36, -g*b = 0. What is the units digit of r?
9
Let t = -10 + 16. What is the units digit of t?
6
Let m be (20/30)/(1/6). Suppose -4*y = -6*y + m. What is the units digit of y?
2
Let m(h) = 3*h**2 + 4*h - 5. Let y(u) = -4 + 2*u**2 + 4*u - 1 + 1. Let i(r) = 3*m(r) - 4*y(r). What is the units digit of i(5)?
6
Let u = 23 - -39. What is the tens digit of u?
6
Let j(h) = -2*h**2 - 8*h - 7. Let b be j(-5). Let a = b - -30. What is the units digit of a?
3
Suppose -s + 3*b = 2*s - 81, b = -5*s + 123. What is the units digit of s?
5
Let m = -10 - -2. Let g(v) = v**3 + 8*v**2 - v + 6. Let r be g(m). Suppose r = -3*b + 7*o - 2*o, 2*b - o = 0. What is the units digit of b?
2
What is the units digit of (-8 - (3 - 6)) + 180?
5
Let o = 9 + -6. Suppose o*m - 46 = 5. What is the units digit of m?
7
Let r = 258 - -45. What is the hundreds digit of r?
3
Let k(q) = q**3 + 5*q**2 + q + 7. Suppose 3*p + 0*p = 18. Let n(o) = 2*o**3 + 9*o**2 + 2*o + 14. Let y(i) = p*n(i) - 11*k(i). What is the units digit of y(0)?
7
Let z(h) = h**2 - 2*h - 13. What is the tens digit of z(10)?
6
Let k be (35/4)/((-2)/(-24)). Suppose -4*t + 3*s - k = 0, 0*t - 5*t = 3*s + 138. What is the units digit of 2/(-4) - t/6?
4
Let u(l) = -l**2 - 2*l + 4. Let y be (2/(-4))/((-1)/(-2)). Let b be ((-6)/(-4))/(y/2). What is the units digit of u(b)?
1
Let d = -1 - -3. Suppose d*i = -0*i - 10. Let s = i + 12. What is the units digit of s?
7
Suppose -5*c - 4 - 1 = 0. Let p = -6 + 9. Let k = p - c. What is the units digit of k?
4
Let u = -4 + 3. What is the units digit of (u - 1)/(1/(-2))?
4
Let x(r) = 2*r**3 + r**2 + 4*r - 1. Let h be x(-3). What is the tens digit of h/(-4)*(1 + 1)?
2
Suppose -3*b + m + 13 = 0, 2*b + 4*m + 8 + 2 = 0. Let z be 9/(-6)*(-10)/b. Suppose z*i - 4 = 6. What is the units digit of i?
2
Suppose -u = -5*h - 118 + 594, 289 = 3*h - 4*u. Let x = h + -45. What is the tens digit of x?
5
Suppose -3*n + r = 67, -5 - 26 = n + 4*r. Let s = n + 76. What is the tens digit of s?
5
Let a be (-120)/(-25) + (-2)/(-10). Suppose 26 = a*l - 3*l. Let r = l + -3. What is the units digit of r?
0
Suppose 5*u - 10 = -2*b + 11, 4*b + 23 = 3*u. Suppose -3*v + u = -13. Suppose 4*p = 2 + v. What is the units digit of p?
2
Let g(k) = 4*k - 1. Suppose -3*x - 5 = 5*y - 28, -7 = x - 2*y. Let o be g(x). Suppose -48 = -o*c - 0*c. What is the tens digit of c?
1
Suppose -w + 42 = -4*b, 3*w + 4*b = 61 - 15. What is the tens digit of w?
2
Suppose 3*a + 2*b = 4*b - 1, 0 = b - 5. Let l = a + -4. What is the units digit of -2 + (8 - 1) + l?
4
Let k = 38 - 22. What is the tens digit of k?
1
Let u(t) = -t**2 - 6*t. Let a be u(-6). Suppose -4*z + 2*c + 11 + 65 = 0, 2*c = -5*z + 104. Suppose 0 = -a*y - 2*y + z. What is the units digit of y?
0
Suppose -5*h = -2*h - 2*x - 76, -5*h + 2*x + 124 = 0. What is the tens digit of h?
2
What is the tens digit of -80*(13 - 11)*1/(-2)?
8
Suppose 5*b + 3*h - 12 = 0, -2*b + 3*h - 6 = 6. Let t be (4/(b + -2))/(-1). Suppose t*q = q + 1. What is the units digit of q?
1
Let b(r) = r**2 + 3*r + 4. Let a be b(-4). Let z = a + -7. Suppose 0 = -2*f - 3*y + 22, 5*y = -f + 19 - z. What is the units digit of f?
8
Suppose 0*h - 2*h - 4 = 0. Suppose -15 = 5*q + 3*p, 4*p - p + 6 = -2*q. What is the units digit of (h + q)*(-12)/10?
6
Let f(m) = -m**3 + 13*m**2 - 21*m + 28. What is the tens digit of f(8)?
8
Let t = 1 - -2. Suppose 0 = -2*x + 5*x + 4*j - 29, 3*x - t*j - 36 = 0. What is the units digit of x?
1
Suppose 3*d - d = -14. Let b = 12 + d. What is the units digit of b?
5
Let a be 22/6 - 1/(-3). Suppose a*v + 2*h = 76, -4*v - 4*h + 47 = -v. What is the units digit of (v/(-9))/(2/(-6))?
7
Let r = 38 + -22. Let v = r - 7. Let k = -6 + v. What is the units digit of k?
3
Suppose 0 = -5*g + 3*s + 26, -2*g - 5*s + 29 = -0*g. Let c = g + -4. Suppose -3 - c = -3*a. What is the units digit of a?
2
Let w be ((2 - 1) + -1)/(-1). Let k be (-2 - w) + 6/3. Suppose -x - 2*x = j - 6, k = -3*x + j. What is the units digit of x?
1
Let j(w) = w**3 + 6*w**2 + 3*w + 4. What is the tens digit of j(-4)?
2
Let x(d) = -d**3 + 9*d**2 + 7*d + 7. What is the hundreds digit of x(8)?
1
Let b(y) = y**2 + 6*y - 5. Let s be b(-6). Let m(u) = 2*u + 8. Let q(p) = -p - 4. Let n(l) 